+ 6*m**2 + 4*m - 1. Let l be u(-5). Calculate the remainder when 29 is divided by (-18)/(-27)*90/l.
14
Let w(r) = -r**3 - 11*r**2 - 12*r - 15. Let t be w(-10). Let m be 22/t + (-9)/(-15). Suppose m*u - 22 - 13 = 0. Calculate the remainder when u is divided by 3.
1
Let h be 10/1*1/2. Let r be (h/4)/((-3)/108). What is the remainder when -12*(-5)/(r/(-6)) is divided by 5?
3
Let x = -1 - -8. Let s(a) be the third derivative of a**4/12 + 5*a**3/6 + 5*a**2. What is the remainder when s(x) is divided by 7?
5
Let s(l) = l**2 - 2*l - 6. Calculate the remainder when 6 is divided by s(4).
0
Let i(f) = -f**3 - 9*f**2 + 7*f - 3. What is the remainder when i(-10) is divided by 14?
13
Suppose 19 + 6 = 5*p. Suppose -385 = -p*l - 0*l. Let r = l - 54. Calculate the remainder when r is divided by 8.
7
Suppose 0 = -4*z - 7 - 5, -2*z = -4*x + 54. Calculate the remainder when 23 is divided by x.
11
Let p(c) = 6*c + 28. What is the remainder when p(0) is divided by 9?
1
Let c = 16 - 13. Calculate the remainder when 8 is divided by c.
2
Suppose -5 = d, -3*d - 101 = -2*a + 2*d. What is the remainder when a is divided by 14?
10
Suppose 21*k + 30 = 23*k. What is the remainder when 39 is divided by k?
9
Let m = 16 + 16. Calculate the remainder when m is divided by 18.
14
Let f = -26 + 34. Calculate the remainder when 13 is divided by f.
5
Let a(f) = 24*f - 7. Let d be a(5). Suppose -5*u + 185 = 5*i, -d = -2*i - i - u. Suppose -v - v = -i. Calculate the remainder when v is divided by 7.
5
Let f(b) = -b. Let t = 13 + -9. Let c be f(t). Calculate the remainder when 35 is divided by 2/c - 100/(-8).
11
Suppose -4*y = -2*g - 7*y + 16, 2*y + 59 = 5*g. Let a(b) be the third derivative of b**4/3 + b**3/3 + 3*b**2. Calculate the remainder when a(5) is divided by g.
9
Let c = 45 - 36. Calculate the remainder when c is divided by 6.
3
Suppose -r = -3*b - 0 + 4, -5*r + 16 = -3*b. Let w(h) = -r*h + h**2 + 7 - 1 - 2*h**2. What is the remainder when 10 is divided by w(-5)?
4
Let s = -20 + 12. Let p = -1 - s. What is the remainder when 13 is divided by p?
6
Let d(s) = s + 7. What is the remainder when 37 is divided by d(6)?
11
Suppose -3*x - 5*i = -40, -2*i = -4*i + 10. Let h = 27 - x. What is the remainder when h is divided by 6?
4
Let t be (-182)/(-3) + (-2)/3. Let b = t + -41. What is the remainder when 55 is divided by b?
17
Let v(k) = k**3 - 6*k**2 - 6*k - 2. Let a be v(8). Let g = 51 - a. Let d = -14 - g. Calculate the remainder when 51 is divided by d.
12
Let c(j) = j**2 - 3*j - 2. Let d be c(4). Let n = 4 + d. Suppose 0 = m + n - 14. What is the remainder when 23 is divided by m?
7
Let r = -10 + 18. Calculate the remainder when 28 is divided by r.
4
Let f(a) = -a**3 + 7*a**2 - 3. Let c be f(7). What is the remainder when 77 is divided by (2 - 1 - c) + 16?
17
Suppose 0 = n + 11 - 9. Let s(r) = r**2 - r + 1. Calculate the remainder when 13 is divided by s(n).
6
Suppose -3*s + 82 = -11. Suppose -3*w - 11 = 2*t, -5*t = 2*w - 0*t + 22. Let k(p) = -11*p**3. Calculate the remainder when s is divided by k(w).
9
Suppose s + 52 = 5*s. Calculate the remainder when 24 is divided by s.
11
Let y = -52 - -68. What is the remainder when 59 is divided by y?
11
Suppose 0 = -5*z + 5 + 25. Calculate the remainder when 19 is divided by z + 0 - (-8 - -4).
9
Let l = -27 + 67. What is the remainder when l is divided by 22?
18
Let k(w) = w + 5. Calculate the remainder when 74 is divided by k(14).
17
Suppose 5*w + 25 = 0, -8 = 4*c + 3*w + 3. Let l be c/(-2) + (-2)/(-4). Suppose -j + 2*j - 16 = l. What is the remainder when 47 is divided by j?
15
Let w(f) = f**3 - 15*f**2 + 2*f - 17. What is the remainder when 38 is divided by w(15)?
12
Suppose -2*q = -151 - 97. Suppose 0*c + 4*c - 4*t = q, 93 = 3*c + t. Calculate the remainder when c is divided by 11.
9
Suppose -3*s + 2*s + 3 = 0. Let v be 16/6 - 4/6. Suppose -v*i - 3 + 7 = 0. What is the remainder when s is divided by i?
1
Suppose -4*r - r = 10. Let m = 11 - r. What is the remainder when m is divided by 7?
6
Let m = -92 - -125. Suppose -g = 4*x + 12, -2*x + 3*g + 2 + 6 = 0. What is the remainder when m is divided by x/(((-1)/6)/1)?
9
Suppose 3*o - 36 = -3*w, -3*w + 90 = -2*o + 34. What is the remainder when w is divided by 9?
7
Suppose -3*i + i = -6. What is the remainder when i is divided by 1/((-12)/(-18)*(-2)/(-4))?
0
Suppose 2*y + 16 = 2*a - 0*y, -3*a + 2*y + 26 = 0. Suppose 4*j - 24 = v + 3*v, -3*j + a = -5*v. Calculate the remainder when 29 is divided by j.
9
Suppose -6 - 4 = -5*m. Let k = 7 - 5. Let a = k + m. What is the remainder when 7 is divided by a?
3
Let b = 24 + -7. Let y be (-12)/(-8)*(-48)/9. Calculate the remainder when (y/12)/((-1)/72) is divided by b.
14
Suppose 2 = -j + 4. Let x = -239 + 252. What is the remainder when 24/(-1 + 0 + j) is divided by x?
11
Suppose -5*s - 109 = 16. Let o = 42 + s. Calculate the remainder when o is divided by 5.
2
Let q(s) = s**2 - 4*s - 18. What is the remainder when 83 is divided by q(-6)?
41
Suppose 5*c - 112 = 138. Suppose 3*y = -2*y + c. Calculate the remainder when 38 is divided by y.
8
Let j be 5*2*(-3)/(-6). Let g = j + -3. Calculate the remainder when (0 - 1)*1*-5 is divided by g.
1
Suppose -48 - 153 = -3*p. What is the remainder when p is divided by 18?
13
Suppose -4 = -4*o - 0*o - 2*z, -2 = -2*o + 4*z. Let l(b) = 0 + 2 + b + 0*b + o. Calculate the remainder when 32 is divided by l(8).
10
Suppose 13 = o - 3*k - 18, 39 = o + 5*k. Let z = 67 - o. Calculate the remainder when z is divided by 17.
16
Let z(o) = -5*o + 6. What is the remainder when z(-9) is divided by 13?
12
Let t = 1 - 1. Suppose 6*w - 5*w + 3 = t. Calculate the remainder when 3 is divided by 0 + 1 - (-4 - w).
1
Let h be (1 + -3)*(3 - -20). Let n = 69 + h. Suppose -24 = -3*s - 0. What is the remainder when n is divided by s?
7
Let x = 624 - 593. Let f(w) = 10*w**2 + 1. Calculate the remainder when x is divided by f(-1).
9
What is the remainder when 186 is divided by (-5)/(5/(-188))*1/4?
45
Let v = 15 - 24. Let o = -3 - v. Let l = o + 31. What is the remainder when l is divided by 10?
7
Let b(h) = -6*h + 4. Let a(d) = d**3 - 5*d**2 - 8*d + 28. What is the remainder when b(-7) is divided by a(6)?
14
What is the remainder when 31 is divided by 16/(-2)*-1 + 32/32?
4
Suppose -x = 2*m - 108, -5*x + m = -4*m - 480. Let l = -69 + x. Calculate the remainder when l is divided by 16.
15
Let t(s) = 2*s - 9. Let d be t(7). Suppose 12 = d*b - 3. Suppose 4*q - b*q - 31 = 0. What is the remainder when q is divided by 16?
15
Suppose -2*i = -y - 19, y - 44 = -4*i - 3*y. Suppose i = 3*g - 2. Calculate the remainder when 13 is divided by g.
1
Let m = 38 + -54. Let d = m - -33. Suppose s + 0 + 2 = 0, 0 = 5*n + 3*s - 154. What is the remainder when n is divided by d?
15
Let g(c) = 3*c**3 + 1. Let f(w) = -w**2 + 12*w + 16. Let r be f(13). Calculate the remainder when 6/r - (1 - 6) is divided by g(1).
3
Let o(r) = -r**3 + 4*r**2 + 4. Let c = 4 - 0. Suppose -16 - 24 = -c*w. What is the remainder when w is divided by o(4)?
2
What is the remainder when (3/(-15)*-202)/((-2)/(-5)) is divided by 26?
23
Let r(n) = 5*n - 28. Let y(f) = -3*f + 19. Let w(z) = 5*r(z) + 8*y(z). Calculate the remainder when w(-5) is divided by 2.
1
Suppose -4*i - 67 = 3*w, 0*w + 2*w + i = -48. Suppose 5*k + 6 = -3*d + 4, -2*d + k + 16 = 0. What is the remainder when (-12)/15*w/2 is divided by d?
4
Suppose -q + 24 = 2*q. Calculate the remainder when 5 + 0 + 17 + -2 + 3 is divided by q.
7
Suppose 7*m - 107 = 26. Calculate the remainder when m is divided by 4.
3
Let s(d) = -2*d - 7. Let o be 1*(0 + 5)*4. Let f = 10 - o. What is the remainder when s(f) is divided by 7?
6
Let x(m) = m**3 - 4*m**2 + m + 3. Let d be x(4). Let r = d + -5. Calculate the remainder when 4 is divided by r.
0
What is the remainder when 37 is divided by 22 - -3 - (4 + 1)?
17
Let s be 1 - (-1 - -1) - -1. Suppose 3*p - 2*l - 44 = 0, 5*p - 67 = -s*l + 1. Calculate the remainder when 38 is divided by 4/(-14) + 186/p.
12
What is the remainder when ((-2)/3)/(8/(-72)) is divided by 2?
0
Suppose -6*q + 2*q = 4. Let l(a) = 4*a - 1. Calculate the remainder when (-147)/(-12) + q/4 is divided by l(2).
5
Let k = 35 - 31. What is the remainder when 14 is divided by k?
2
Suppose -2*u + 2*s = -4*u + 96, -5*s - 201 = -4*u. Cal